t x(l) = -9*l**3 + 2*l**2 - 3*l. Let m be x(2). Is (m/(-56))/((-2)/(-536)) prime?
False
Suppose v + 387 = -2*v. Let s = v + 237. Suppose 319 = k + s. Is k a composite number?
False
Suppose -4*n + 4*v - 24 = 0, 2*n + 0*n = 5*v - 6. Let g(x) = 12*x - 1. Let t be g(n). Let m = 22 - t. Is m prime?
False
Let h(a) = 565*a**2 + 27*a + 21. Is h(5) a composite number?
False
Suppose -5*f + 0*f = -8900. Suppose 3*q = -q + f. Let a = -262 + q. Is a a composite number?
True
Suppose 4*h - 5*h + 18 = 0. Let a be (-5*h)/((-3)/(-2)). Let i = 17 - a. Is i a composite number?
True
Suppose 31038 = 7*p - p. Is p a prime number?
False
Suppose 2*b - 3*u = -b + 18, 5*u - 20 = -5*b. Let s(k) = 15*k**3 - 12*k**2 - 5*k - 7. Is s(b) composite?
False
Let q(d) = -d**3 + 14*d**2 + 6. Let p be q(14). Suppose p*v - l = 4*v + 479, -v + 236 = 3*l. Is v a composite number?
False
Let j = 324 - -128. Let k(v) = -202*v**2 + 1. Let a be k(1). Let l = a + j. Is l prime?
True
Let x(r) = r**2 - r - 1. Let m(j) = 6*j**2 - 3*j + 13. Let b(h) = m(h) - 3*x(h). Is b(11) composite?
False
Suppose 8*c = 5*c + 15. Suppose -c*l = -r - 18, -9 = -2*l - r + 1. Is (8/2 - l) + 194 a composite number?
True
Suppose 0 = -3*k - 2*z + 1834, 4*k - 2442 = -0*k - z. Let q(x) = -x**3 - 4*x**2 - 4*x. Let h be q(-3). Suppose h*j = k - 247. Is j a composite number?
True
Is 68440/18 + 228/(-1026) a prime number?
False
Let z(n) = 6 + 11 - 3*n + 3*n**2 + 8 - 24. Is z(14) prime?
True
Suppose 3*m - q + 5*q = -35, 3*m - 2*q = -5. Let w be ((-156)/m)/(10/75). Suppose 0 = -c - 2*r + 77, -w = -4*c + c - 5*r. Is c prime?
True
Suppose -2*m - 2*m + 112 = 0. Suppose m = 4*v - 20. Is (-79)/(-7) + v/(-42) prime?
True
Let k(t) = 10 + 20*t**2 - 2 + 3*t - 9 - 6*t. Is k(-4) a composite number?
False
Let k be 1/(-5) + (-664)/5. Let a = k - -267. Is a a composite number?
True
Suppose -7412 = -9*h + 6754. Is h a composite number?
True
Suppose -3*p - 68 = 4*b - 7*p, 0 = -5*b + 3*p - 85. Let o = b + 19. Suppose 0 = -5*g - 3*c + 89, -g - o*c = c - 13. Is g a prime number?
True
Suppose -33*p - 2053 = -34*p. Is p a composite number?
False
Let l = -258 + 443. Is (8 - 6) + l*1 prime?
False
Let u(z) = z + 1. Let b be u(1). Suppose -t - 3*n = -220, -3*n + b*n = 3*t - 668. Is t composite?
False
Suppose 0 = 2*k - 0*k + 6, 5*k = -5*t + 13035. Suppose -3*q + 906 = -t. Suppose x - q = -3*x. Is x prime?
True
Let z(x) = x**3 - 2*x**2 + 127. Suppose -4*f = 2*f - 2*f. Is z(f) a composite number?
False
Let n be 6/9 + (-33)/9 + -4. Let y(r) = r**2 + r - 1. Let p(l) = -3*l**2 + 6*l + 15. Let c(f) = -p(f) - 4*y(f). Is c(n) composite?
True
Let l(d) = 470*d - 4. Let q be l(-2). Let f = q - -1330. Is f composite?
True
Let s(b) be the second derivative of -b**4/12 - b**3/6 + 3389*b**2/2 - 50*b. Is s(0) a composite number?
False
Is (2/6)/((-1)/6) - -5836 a composite number?
True
Let b = -59 - -60. Let a(c) = 48*c**3 + c**2 - c + 1. Is a(b) prime?
False
Suppose 42*n + 22080 = 3*u + 45*n, 4*u = n + 29415. Is u a composite number?
True
Is (2/6)/(2/(-43140)*-10) a composite number?
False
Let f be -2 + 8 + 9 + -7. Is 3*f/(-6) - -71 a prime number?
True
Suppose -w = -3*r + 1129, r - 6*r + 4*w + 1870 = 0. Suppose -2*b = 4*v - 718, 4*v - r + 1814 = 4*b. Is b prime?
True
Let v = -543 + -5056. Let t = -2640 - v. Is t a prime number?
False
Let c(f) = 2*f + 32. Let r be c(-14). Suppose -6*s + 80 = i - s, 0 = -3*i + r*s + 145. Is i prime?
False
Let c(g) be the first derivative of 301*g**5/60 + 9*g**2/2 - 9. Let o(k) be the second derivative of c(k). Is o(1) composite?
True
Let t = 2751 + -1960. Is t prime?
False
Let d(j) = 205*j + 181. Is d(10) a prime number?
False
Suppose 3*i - g = 4*i, 0 = i - 4*g. Suppose -3*s = 0, -4*y + 5*s = -325 - 283. Suppose 3*a - 79 - y = i. Is a prime?
False
Let k(b) = 36*b + 5. Let t be k(6). Let u(v) = v**3 - 6*v**2 + 3. Let q be u(6). Suppose 5*w = -q*s + 6*s - t, -160 = -2*s - 3*w. Is s prime?
False
Suppose 0 = 3*j - 5*j + 4. Suppose -j*y = -4*y - 8. Let r(h) = 3*h**2 + 5. Is r(y) composite?
False
Suppose 5*a = -q - 1, 4*a + q + 1 = 3*a. Suppose -24*n + 25*n - 3353 = a. Is n prime?
False
Let x be (-3 - (-1 - 0)) + 20. Let b = -15 + x. Suppose 0 = -b*v + 99 + 156. Is v prime?
False
Suppose 25 = -2*i + 11. Let o(b) = b + 10. Let u be o(i). Suppose 5*k = u*j + 7417, 2*k + 3*j - 2946 = -j. Is k prime?
True
Suppose -x + 14915 = -4*u, -8803 = -5*x + 3*u + 65806. Is x a prime number?
True
Let r(c) = 309*c**2 + 3*c + 7. Suppose 2*g + 17 = -3*u, 0 = -6*g + 9*g + 2*u + 18. Is r(g) composite?
True
Let j = -229 + 338. Let s = 16 + 32. Suppose r - j - s = 0. Is r a prime number?
True
Let h be (10/(-15))/(8/(-36)). Is 2119/h - ((-1)/(-3) + -1) a composite number?
True
Let i(y) = -4*y + 10. Let m be i(-3). Suppose -m = -3*p - 4*q + 11, 0 = -4*p + 2*q + 22. Is p prime?
True
Let m be 2 + (5 - 2 - -1). Suppose -4 = -z, -2*j + m*j - 2*z - 2684 = 0. Is j a prime number?
True
Suppose 2*a = -4*g + 158158, 5*g - 197720 = -0*a + 5*a. Is g a prime number?
True
Suppose 697 = -5*o + g - 0*g, 152 = -o - 4*g. Let n = -94 - o. Is n a prime number?
False
Let o(h) = 10*h**2 + h + 1. Let i be o(-1). Suppose 9 = w - x + 1, -3*w - 4*x + i = 0. Is 2/w + 12012/36 composite?
True
Suppose 15*a - 139832 = -12377. Is a a composite number?
True
Let f = 1889 - 6343. Let c = f - -1372. Is (-2)/(-12) + c/(-12) composite?
False
Let s be 3/((-76)/(-26) - 3). Let q be 6/s - (-8)/52. Suppose 5*v - 1837 - 398 = q. Is v composite?
True
Is -33298*(2/10)/((-10)/25) a composite number?
False
Let r(s) = -13527*s**3 + s**2 + 10*s + 19. Is r(-2) prime?
False
Suppose -39*q + 36*q = -113853. Is q prime?
True
Suppose 64*j = 39*j + 49025. Is j prime?
False
Is -2*(2 + (-1001)/2) a composite number?
False
Let c(u) = -u**3 + 17*u**2 - 15*u + 2. Let h be c(14). Is (-1 + h - -3) + 0 a composite number?
True
Let w be (-1)/((-4)/84)*2/(-6). Let g(k) = k**3 + 11*k**2 + 5*k - 4. Is g(w) a prime number?
True
Let y be -2 + 1 - 0 - -192. Let q = -166 - -169. Suppose -y = -q*p + 172. Is p prime?
False
Suppose l - 3*l + 7586 = 0. Is l prime?
True
Suppose u + 78 + 58 = s, -3*s - u + 400 = 0. Let h = s + 125. Is h prime?
False
Let w = -3840 + 7273. Is w a prime number?
True
Let k = 34 + -61. Let n = k - -20. Is ((-46)/(-8))/(n/(-140)) a prime number?
False
Suppose -w = 4*n + 10, -4*w + 4*n + 50 = 2*n. Suppose w*u = 5*u + 225. Let f = u - 23. Is f a prime number?
False
Suppose -f + 2*m + 8049 = m, 5*f = 6*m + 40241. Is f a prime number?
True
Let l be (2 - (2 - -1))/1. Let u be 176/40*(l - -6). Is 4/u + 2412/44 a prime number?
False
Is -5 + -1 - (-4)/(24/25662) prime?
True
Suppose -p = -61 - 121. Let k = p + 23. Is k a composite number?
True
Let m(h) = 2*h**2 + 3*h - 4. Suppose -5*w + 6*w = -3. Let b be m(w). Suppose 58 + 52 = b*k. Is k a composite number?
True
Let h(b) = b**3 + 48*b**2 - 25*b + 131. Is h(-45) composite?
False
Let z(w) = 269*w + 52. Let b be z(-4). Let a = b - -3801. Is a composite?
False
Let v = -282 - -135. Suppose 14*b - 4420 = 24*b. Let y = v - b. Is y prime?
False
Suppose 5*h = 298 - 33. Suppose -h*n + 49*n = -4804. Is n a prime number?
True
Let s(r) = -r**3 + 6*r**2 - 9*r - 8. Let g be s(7). Let q be 13/((-65)/g) + -1. Is q/2*(-2)/(-1) a composite number?
False
Let q = 1030 + 4117. Is q a composite number?
False
Let a be 1/3*(2 - -4). Is -2 + 0 - a - -23 a prime number?
True
Suppose 0 = -0*z - 5*z + 25. Let b(g) = 7*g**3 - 9*g**2 + 9*g. Let d(s) = -13*s**3 + 17*s**2 - 17*s + 1. Let a(y) = -5*b(y) - 3*d(y). Is a(z) a prime number?
False
Suppose 3*l - 7*l + 708172 = 0. Is l a prime number?
True
Let y(p) = 2*p + 60 + 45 + 98. Is y(0) prime?
False
Suppose 0 = 279*x - 286*x + 161819. Is x prime?
True
Let t(s) be the first derivative of 17*s**3/3 + s**2 + s - 20. Suppose q = 3*q + 4. Is t(q) a composite number?
True
Let y(x) = -6*x**3 - 5*x - 7. Let w(v) = -5*v**2 - 13*v + 2. Let i be w(-3). Is y(i) a composite number?
False
Let n = 76 + -66. Suppose -n*z = -5*z - 1630. Is z composite?
True
Suppose i = -2*p - 6, 0*i + 5*p = -5*i - 10. Suppose -4*c - 4*h = -9256, -i*c + 3*h - 4*h + 4631 = 0. Is c prime?
False
Let b = 12 - 18. Let y = 11 + b. Suppose 5 = y*r - 25. Is r a prime number?
False
Let o(x) = 5*x**2 - 13*x + 1. Is o(-10) prime?
True
Let a(o) be the third derivative of o**8/10080 + o**7/560